{"id":259664,"date":"2020-02-15T10:30:59","date_gmt":"2020-02-15T10:30:59","guid":{"rendered":"http:\/\/dabella.es\/?post_type=product&#038;p=259664"},"modified":"2021-10-11T15:20:20","modified_gmt":"2021-10-11T15:20:20","slug":"exprimidor-profesional-160w-cecotec-envio-24-horas","status":"publish","type":"product","link":"https:\/\/dabella.es\/?product=exprimidor-profesional-160w-cecotec-envio-24-horas","title":{"rendered":"EXPRIMIDOR PROFESIONAL 160W CECOTEC ENV\u00cdO 24 HORAS"},"content":{"rendered":"<ul>\n<li>Exprimidor el\u00e9ctrico de brazo para c\u00edtricos con 160 W de potencia.<\/li>\n<li>Incluye filtro con regulador de pulpa ajustable que permite hacer zumos con m\u00e1s o menos pulpa.<\/li>\n<li>Incluye un segundo filtro de acero inoxidable.<\/li>\n<li>Dos conos desmontables para adaptarse a c\u00edtricos m\u00e1s peque\u00f1os o m\u00e1s grandes.<\/li>\n<li>Palanca de presi\u00f3n para una extracci\u00f3n del zumo sin esfuerzos.<\/li>\n<li>Sistema de extracci\u00f3n continua para una mayor comodidad.<\/li>\n<li>Sistema antigoteo para un vertido m\u00e1s f\u00e1cil y limpio.<\/li>\n<li>Piezas desmontables aptas para el lavavajillas.<\/li>\n<li>Encendido autom\u00e1tico con solo presionar el cono con la fruta.<\/li>\n<li>M\u00e1s silencioso, con base antideslizante.<\/li>\n<li>Cuerpo fabricado en acero inoxidable.<\/li>\n<\/ul>\n","protected":false},"excerpt":{"rendered":"<h2>Zitrus Adjust 160 Black<\/h2>\n<p><strong>Exprimidor de naranjas el\u00e9ctrico de brazo<\/strong>\u00a0para c\u00edtricos de 160 W de potencia. Incluye filtro regulador de pulpa ajustable, filtro de acero inoxidable y dos conos desmontables. Zitrus Adjust 160 Black.<\/p>\n<p>ENV\u00cdO 24 HORAS POR CORREOS EXPRESS<\/p>\n","protected":false},"featured_media":259679,"comment_status":"open","ping_status":"closed","template":"","meta":{"_et_pb_use_builder":"","_et_pb_old_content":"","_et_gb_content_width":""},"product_cat":[53],"product_tag":[],"class_list":{"0":"post-259664","1":"product","2":"type-product","3":"status-publish","4":"has-post-thumbnail","6":"product_cat-para-la-cocina","8":"first","9":"outofstock","10":"taxable","11":"shipping-taxable","12":"purchasable","13":"product-type-simple"},"_links":{"self":[{"href":"https:\/\/dabella.es\/index.php?rest_route=\/wp\/v2\/product\/259664","targetHints":{"allow":["GET"]}}],"collection":[{"href":"https:\/\/dabella.es\/index.php?rest_route=\/wp\/v2\/product"}],"about":[{"href":"https:\/\/dabella.es\/index.php?rest_route=\/wp\/v2\/types\/product"}],"replies":[{"embeddable":true,"href":"https:\/\/dabella.es\/index.php?rest_route=%2Fwp%2Fv2%2Fcomments&post=259664"}],"wp:featuredmedia":[{"embeddable":true,"href":"https:\/\/dabella.es\/index.php?rest_route=\/wp\/v2\/media\/259679"}],"wp:attachment":[{"href":"https:\/\/dabella.es\/index.php?rest_route=%2Fwp%2Fv2%2Fmedia&parent=259664"}],"wp:term":[{"taxonomy":"product_cat","embeddable":true,"href":"https:\/\/dabella.es\/index.php?rest_route=%2Fwp%2Fv2%2Fproduct_cat&post=259664"},{"taxonomy":"product_tag","embeddable":true,"href":"https:\/\/dabella.es\/index.php?rest_route=%2Fwp%2Fv2%2Fproduct_tag&post=259664"}],"curies":[{"name":"wp","href":"https:\/\/api.w.org\/{rel}","templated":true}]}}