{"id":259699,"date":"2020-02-15T12:13:26","date_gmt":"2020-02-15T12:13:26","guid":{"rendered":"http:\/\/dabella.es\/?post_type=product&#038;p=259699"},"modified":"2020-12-15T11:32:06","modified_gmt":"2020-12-15T11:32:06","slug":"television-samsung-smart-tv-serie-7-ue65nu7092-65-ultrahd-4k","status":"publish","type":"product","link":"https:\/\/dabella.es\/?product=television-samsung-smart-tv-serie-7-ue65nu7092-65-ultrahd-4k","title":{"rendered":"TELEVISI\u00d3N SAMSUNG SMART  65&#8243; SERIE 7 UE65NU7092 UltraHD 4K"},"content":{"rendered":"<ul>\n<li>Exhibici\u00f3n\n<ul>\n<li>Diagonal de la pantalla: 165,1 cm (65&#8243;)<\/li>\n<\/ul>\n<ul>\n<li>Tipo HD: 4K Ultra HD<\/li>\n<\/ul>\n<ul>\n<li>3D: No<\/li>\n<\/ul>\n<ul>\n<li>Resoluci\u00f3n de la pantalla: 3840 x 2160 Pixeles<\/li>\n<\/ul>\n<ul>\n<li>Tecnolog\u00eda de visualizaci\u00f3n: LED<\/li>\n<\/ul>\n<ul>\n<li>Forma de la pantalla: Plana<\/li>\n<\/ul>\n<ul>\n<li>Relaci\u00f3n de aspecto: 16:9<\/li>\n<\/ul>\n<ul>\n<li>Tecnolog\u00eda de interpolaci\u00f3n de movimiento: PQI (Picture Quality Index) 1300<\/li>\n<\/ul>\n<ul>\n<li>Formato de v\u00eddeo soportado: 2160p<\/li>\n<\/ul>\n<ul>\n<li>Formatos gr\u00e1ficos soportados: 3840 x 2160<\/li>\n<\/ul>\n<ul>\n<li>Nombre comercial de la relaci\u00f3n de contraste din\u00e1mico: Mega Contrast<\/li>\n<\/ul>\n<ul>\n<li>Diagonal de pantalla: 163 cm<\/li>\n<\/ul>\n<\/li>\n<\/ul>\n<ul>\n<li>Audio\n<ul>\n<li>Altavoces incorporados: Si<\/li>\n<\/ul>\n<ul>\n<li>N\u00famero de altavoces: 2<\/li>\n<\/ul>\n<ul>\n<li>Potencia estimada RMS: 20 W<\/li>\n<\/ul>\n<ul>\n<li>Decodificadores incorporados: Dolby Digital<\/li>\n<\/ul>\n<ul>\n<li>Tecnolog\u00edas de decodificaci\u00f3n de audio: Dolby Digital Plus<\/li>\n<\/ul>\n<ul>\n<li>Tecnolog\u00eda de audio multiroom o Sistema de sonido multizona: Samsung Multiroom Link<\/li>\n<\/ul>\n<\/li>\n<\/ul>\n<ul>\n<li>Puertos e Interfaces\n<ul>\n<li>N\u00famero de puertos HDMI: 2<\/li>\n<\/ul>\n<ul>\n<li>Ethernet LAN (RJ-45) cantidad de puertos: 1<\/li>\n<\/ul>\n<ul>\n<li>Cantidad de puertos USB 2.0: 1<\/li>\n<\/ul>\n<ul>\n<li>Interfaz com\u00fan Plus (CI+): Si<\/li>\n<\/ul>\n<ul>\n<li>Cambio r\u00e1pido entre entradas HDMI: Si<\/li>\n<\/ul>\n<ul>\n<li>Audio digital, salida optica: 1<\/li>\n<\/ul>\n<ul>\n<li>N\u00famero de puertos RF: 2<\/li>\n<\/ul>\n<ul>\n<li>Versi\u00f3n Common interface Plus (CI+): 1.4<\/li>\n<\/ul>\n<ul>\n<li>Control de electr\u00f3nica de consumo (CEC): Anynet+<\/li>\n<\/ul>\n<\/li>\n<\/ul>\n<ul>\n<li>Peso y dimensiones\n<ul>\n<li>Ancho: 1457,5 mm<\/li>\n<\/ul>\n<ul>\n<li>Profundidad: 59,7 mm<\/li>\n<\/ul>\n<ul>\n<li>Altura: 837,3 mm<\/li>\n<\/ul>\n<ul>\n<li>Peso: 25 kg<\/li>\n<\/ul>\n<ul>\n<li>Ancho del dispositivo (con soporte): 1457,5 mm<\/li>\n<\/ul>\n<ul>\n<li>Profundidad dispositivo (con soporte): 317,3 mm<\/li>\n<\/ul>\n<ul>\n<li>Altura del dispositivo (con soporte): 887,4 mm<\/li>\n<\/ul>\n<ul>\n<li>Peso con stand: 25,3 kg<\/li>\n<\/ul>\n<\/li>\n<\/ul>\n<ul>\n<li>Control de energ\u00eda\n<ul>\n<li>Clase de eficiencia de energ\u00eda: A+<\/li>\n<\/ul>\n<ul>\n<li>Consumo de energ\u00eda anual: 164 kWh<\/li>\n<\/ul>\n<ul>\n<li>Consumo energ\u00e9tico: 118 W<\/li>\n<\/ul>\n<ul>\n<li>Consumo de energ\u00eda (inactivo): 0,5 W<\/li>\n<\/ul>\n<ul>\n<li>Consumo de energ\u00eda (max): 190 W<\/li>\n<\/ul>\n<ul>\n<li>Voltaje de entrada AC: 220 &#8211; 240 V<\/li>\n<\/ul>\n<ul>\n<li>Frecuencia de entrada AC: 50 &#8211; 60 Hz<\/li>\n<\/ul>\n<\/li>\n<\/ul>\n<ul>\n<li>Conexi\u00f3n\n<ul>\n<li>Wifi: Si<\/li>\n<\/ul>\n<ul>\n<li>Ethernet: Si<\/li>\n<\/ul>\n<ul>\n<li>Wi-Fi Direct: Si<\/li>\n<\/ul>\n<ul>\n<li>Navegador web: Si<\/li>\n<\/ul>\n<\/li>\n<\/ul>\n<ul>\n<li>Sintonizador de la TV\n<ul>\n<li>Tipo de sintonizador: Anal\u00f3gico y digital<\/li>\n<\/ul>\n<ul>\n<li>Formato de se\u00f1al digital: DVB-C,DVB-S2,DVB-T2<\/li>\n<\/ul>\n<ul>\n<li>Autobusqueda de canal: Si<\/li>\n<\/ul>\n<\/li>\n<\/ul>\n<ul>\n<li>Caracter\u00edsticas de administraci\u00f3n\n<ul>\n<li>Gu\u00eda de voz: Si<\/li>\n<\/ul>\n<ul>\n<li>Gu\u00eda electr\u00f3nica de programaci\u00f3n: Si<\/li>\n<\/ul>\n<ul>\n<li>Exhibici\u00f3n en pantalla (OSD): Si<\/li>\n<\/ul>\n<ul>\n<li>N\u00famero de lenguajes OSD: 27<\/li>\n<\/ul>\n<ul>\n<li>Apagado autom\u00e1tico: Si<\/li>\n<\/ul>\n<\/li>\n<\/ul>\n<ul>\n<li>Contenido del embalaje\n<ul>\n<li>Cables incluidos: Corriente alterna<\/li>\n<\/ul>\n<ul>\n<li>Mando a distancia: Si<\/li>\n<\/ul>\n<ul>\n<li>Tipo de control remoto: TM1240A<\/li>\n<\/ul>\n<ul>\n<li>Pilas incluidas: Si<\/li>\n<\/ul>\n<ul>\n<li>Manual de usuario: Si<\/li>\n<\/ul>\n<ul>\n<li>Manual electr\u00f3nico: Si<\/li>\n<\/ul>\n<\/li>\n<\/ul>\n<ul>\n<li>Dise\u00f1o\n<ul>\n<li>Color del producto: Negro<\/li>\n<\/ul>\n<ul>\n<li>montaje VESA: Si<\/li>\n<\/ul>\n<\/li>\n<\/ul>\n<ul>\n<li>Desempe\u00f1o\n<ul>\n<li>Funciones de teletexto: Si<\/li>\n<\/ul>\n<ul>\n<li>Im\u00e1genes de alto rango din\u00e1mico (HDRI): Si<\/li>\n<\/ul>\n<ul>\n<li>Funci\u00f3n de subt\u00edtulos: Si<\/li>\n<\/ul>\n<ul>\n<li>Tecnolog\u00eda de procesamiento de imagen: Samsung Auto Motion Plus<\/li>\n<\/ul>\n<ul>\n<li>Hybrid Log Gamma (HLG): Si<\/li>\n<\/ul>\n<ul>\n<li>PurColor: Si<\/li>\n<\/ul>\n<ul>\n<li>Digital Clean View: Si<\/li>\n<\/ul>\n<ul>\n<li>ConnectShare (HDD): Si<\/li>\n<\/ul>\n<ul>\n<li>ConnectShare (USB): Si<\/li>\n<\/ul>\n<ul>\n<li>N\u00famero de n\u00facleos de procesador: 4<\/li>\n<\/ul>\n<\/li>\n<\/ul>\n<ul>\n<li>Smart TV\n<ul>\n<li>Smart TV: Si<\/li>\n<\/ul>\n<ul>\n<li>TV por Internet: Si<\/li>\n<\/ul>\n<ul>\n<li>Duplicaci\u00f3n de pantalla: Si<\/li>\n<\/ul>\n<ul>\n<li>HbbTV: Si<\/li>\n<\/ul>\n<ul>\n<li>Modos inteligentes: Juego, Natural<\/li>\n<\/ul>\n<\/li>\n<\/ul>\n","protected":false},"excerpt":{"rendered":"<div class=\"pdp-view__left\">\n<nav>\n<div data-theme=\"default\" data-v-9346c17e=\"\">\n<div class=\"breadcrumb\" data-v-9346c17e=\"\"><\/div>\n<\/div>\n<\/nav>\n<\/div>\n<div class=\"pdp-view__left\">\n<div class=\"product-details\">\n<div class=\"product-details__features product-details__features--unfolded\">\n<p class=\"product-details__text\">Resoluci\u00f3n:4K UHD Tama\u00f1o de Pantalla:165,1 cm &#8211; 65&#8243; Tecnolog\u00eda de frecuencia:1300 Hz PQI Smart TV:Si Curvo:No Procesador:Quad-Core USB:2 HDMI:3 Dimensiones del producto (AltoxAnchoXFondo):91.73 x 145.75 x 31.28<\/p>\n<\/div>\n<\/div>\n<\/div>\n","protected":false},"featured_media":259700,"comment_status":"open","ping_status":"closed","template":"","meta":{"_et_pb_use_builder":"","_et_pb_old_content":"","_et_gb_content_width":""},"product_cat":[109],"product_tag":[],"class_list":{"0":"post-259699","1":"product","2":"type-product","3":"status-publish","4":"has-post-thumbnail","6":"product_cat-deshumidificadores","8":"first","9":"outofstock","10":"taxable","11":"shipping-taxable","12":"purchasable","13":"product-type-simple"},"_links":{"self":[{"href":"https:\/\/dabella.es\/index.php?rest_route=\/wp\/v2\/product\/259699","targetHints":{"allow":["GET"]}}],"collection":[{"href":"https:\/\/dabella.es\/index.php?rest_route=\/wp\/v2\/product"}],"about":[{"href":"https:\/\/dabella.es\/index.php?rest_route=\/wp\/v2\/types\/product"}],"replies":[{"embeddable":true,"href":"https:\/\/dabella.es\/index.php?rest_route=%2Fwp%2Fv2%2Fcomments&post=259699"}],"wp:featuredmedia":[{"embeddable":true,"href":"https:\/\/dabella.es\/index.php?rest_route=\/wp\/v2\/media\/259700"}],"wp:attachment":[{"href":"https:\/\/dabella.es\/index.php?rest_route=%2Fwp%2Fv2%2Fmedia&parent=259699"}],"wp:term":[{"taxonomy":"product_cat","embeddable":true,"href":"https:\/\/dabella.es\/index.php?rest_route=%2Fwp%2Fv2%2Fproduct_cat&post=259699"},{"taxonomy":"product_tag","embeddable":true,"href":"https:\/\/dabella.es\/index.php?rest_route=%2Fwp%2Fv2%2Fproduct_tag&post=259699"}],"curies":[{"name":"wp","href":"https:\/\/api.w.org\/{rel}","templated":true}]}}