{"id":259793,"date":"2020-02-17T21:16:40","date_gmt":"2020-02-17T21:16:40","guid":{"rendered":"https:\/\/dabella.es\/?post_type=product&#038;p=259793"},"modified":"2023-12-05T17:59:00","modified_gmt":"2023-12-05T17:59:00","slug":"auricular-inalambrico-denver-bth-250-rojo-bluetooth","status":"publish","type":"product","link":"https:\/\/dabella.es\/?product=auricular-inalambrico-denver-bth-250-rojo-bluetooth","title":{"rendered":"Auricular inalambrico denver bth-250 Rojo \/ bluetooth env\u00edo gratis 24\/48 horas"},"content":{"rendered":"<p>MarcaDenver Electronics<\/p>\n<p>Modelo111191020190<\/p>\n<p>Nombre del modeloBTH-250 RED<\/p>\n<p>Peso del producto349 g Dimensiones del producto18,5 x 20 x 10 cmN\u00famero de modelo del producto111191020190<\/p>\n<p>Bluetooth 4.2<\/p>\n<p>Efecto de cancelaci\u00f3n de ruido, Reducci\u00f3n de ruido, incluidos cable de carga<\/p>\n<p>Tiempo de carga2 horasPilas<\/p>\n<p>Inal\u00e1mbricoAlcance m\u00e1ximo 10 metros<\/p>\n<p>Forma Diadema<\/p>\n","protected":false},"excerpt":{"rendered":"<ul class=\"a-unordered-list a-vertical a-spacing-none\">\n<li><span class=\"a-list-item\">Inal\u00e1mbrico: combina los auriculares bth-250 a trav\u00e9s de bluetooth con tu tel\u00e9fono m\u00f3vil u otros dispositivos con bluetooth para escuchar m\u00fasica o responder llamadas de forma inal\u00e1mbrica; alcance bluetooth: 10 metros; bluetooth v4.2 &#8211; soporta hft, a2dp y avrcp<\/span><\/li>\n<li><span class=\"a-list-item\">Los auriculares bth-250 te ofrecen una alta calidad de sonido debido al dise\u00f1o cerrado de las almohadillas de aislamiento que ayudan a bloquear el ruido ambiental<\/span><\/li>\n<li><span class=\"a-list-item\">Dispone de funci\u00f3n manos libres e incluye micr\u00f3fono<\/span><\/li>\n<li><span class=\"a-list-item\">Bater\u00eda recargable incorporada &#8211; 300mah (tiempo de carga aprox. 2 horas); tiempo de reproducci\u00f3n de m\u00fasica hasta 6 horas; tiempo en espera hasta 180 horas<\/span><\/li>\n<\/ul>\n","protected":false},"featured_media":259794,"comment_status":"open","ping_status":"closed","template":"","meta":{"_et_pb_use_builder":"","_et_pb_old_content":"","_et_gb_content_width":""},"product_cat":[54],"product_tag":[],"class_list":{"0":"post-259793","1":"product","2":"type-product","3":"status-publish","4":"has-post-thumbnail","6":"product_cat-altavoces","7":"product_shipping_class-envio-48-horas","9":"first","10":"instock","11":"sale","12":"taxable","13":"shipping-taxable","14":"purchasable","15":"product-type-simple"},"_links":{"self":[{"href":"https:\/\/dabella.es\/index.php?rest_route=\/wp\/v2\/product\/259793","targetHints":{"allow":["GET"]}}],"collection":[{"href":"https:\/\/dabella.es\/index.php?rest_route=\/wp\/v2\/product"}],"about":[{"href":"https:\/\/dabella.es\/index.php?rest_route=\/wp\/v2\/types\/product"}],"replies":[{"embeddable":true,"href":"https:\/\/dabella.es\/index.php?rest_route=%2Fwp%2Fv2%2Fcomments&post=259793"}],"wp:featuredmedia":[{"embeddable":true,"href":"https:\/\/dabella.es\/index.php?rest_route=\/wp\/v2\/media\/259794"}],"wp:attachment":[{"href":"https:\/\/dabella.es\/index.php?rest_route=%2Fwp%2Fv2%2Fmedia&parent=259793"}],"wp:term":[{"taxonomy":"product_cat","embeddable":true,"href":"https:\/\/dabella.es\/index.php?rest_route=%2Fwp%2Fv2%2Fproduct_cat&post=259793"},{"taxonomy":"product_tag","embeddable":true,"href":"https:\/\/dabella.es\/index.php?rest_route=%2Fwp%2Fv2%2Fproduct_tag&post=259793"}],"curies":[{"name":"wp","href":"https:\/\/api.w.org\/{rel}","templated":true}]}}