{"id":259842,"date":"2020-02-18T11:46:23","date_gmt":"2020-02-18T11:46:23","guid":{"rendered":"https:\/\/dabella.es\/?post_type=product&#038;p=259842"},"modified":"2021-10-11T15:19:06","modified_gmt":"2021-10-11T15:19:06","slug":"cepillo-pelo-ionico-solac-envio-gratis-24-48-horas","status":"publish","type":"product","link":"https:\/\/dabella.es\/?product=cepillo-pelo-ionico-solac-envio-gratis-24-48-horas","title":{"rendered":"Cepillo pelo ionico Solac  env\u00edo gratis 24\/48 horas"},"content":{"rendered":"<p>Peina y alisa a la vez, melena lista en un momento<br \/>\nUsa el cepillo alisador Expert Ionic Brush de Solac y ahorra tiempo ya de buena ma\u00f1ana. Alisado ultra r\u00e1pido perfecto para el d\u00eda a d\u00eda y para estar lista en un momento.<\/p>\n<p>En lugar de usar un cepillo convencional y despu\u00e9s la plancha, p\u00e9inate directamente con el cepillo alisador de Solac y descubre lo bien que deja el pelo sin necesidad de otros aparatos. Consigue un alisado natural en segundos. Sin apelmazamiento. Desenreda y alisa tu melena r\u00e1pidamente con un simple movimiento. F\u00e1cil, r\u00e1pido y sin encrespamiento.<\/p>\n<p>Funci\u00f3n i\u00f3nica<br \/>\nExpert Ionic Brush es un cepillo t\u00e9rmico con funci\u00f3n i\u00f3nica que facilita el peinado y elimina el encrespamiento del pelo dejando una melena lisa y natural.<\/p>\n<p>Su funci\u00f3n i\u00f3nica incorpora un doble generador de iones que neutralizan la electricidad est\u00e1tica, eliminan el encrespamiento y suavizan el pelo.<\/p>\n<p>Olv\u00eddate del encrespamiento y presume de una melena lisa.<\/p>\n<p>Recubrimiento cer\u00e1mico y puas de punta fr\u00eda, \u00f3ptimo respeto a tu melena<br \/>\nTodos los productos de cuidado del cabello de Solac han sido dise\u00f1ados teniendo en cuenta el \u00f3ptimo respeto y protecci\u00f3n al cabello y cuero cabelludo. Por eso, Expert Ionic Brush cuenta con un recubrimiento cer\u00e1mico para un suave deslizamiento y un extra de protecci\u00f3n para el pelo.<\/p>\n<p>Adem\u00e1s, tambi\u00e9n incorpora puas de punta fr\u00eda para proteger el cuero cabelludo y poder usarlo con total seguridad.<\/p>\n<p>Luce una melena sana, brillante y con alisado natural con el cepillo t\u00e9rmico Expert Ionic Brush.<\/p>\n<p>Ergon\u00f3mico y ligero<br \/>\nSu dise\u00f1o y ligereza permiten un f\u00e1cil y c\u00f3modo manejo.<\/p>\n<p>Control electr\u00f3nico de temperatura<br \/>\nAlta temperatura de hasta 220\u00baC. \u00d3ptima para un alisado r\u00e1pido y perfecto.<\/p>\n<p>Calentamiento instant\u00e1neo<br \/>\nLlega a la temperatura deseada en 10 segundos.<\/p>\n<p>Cable giratorio<br \/>\nCable giratorio de 360\u00ba para una mayor manejabilidad y libertad de movimientos.<\/p>\n","protected":false},"excerpt":{"rendered":"<h1 id=\"title\" class=\"a-size-large a-spacing-none\"><span id=\"productTitle\" class=\"a-size-large\">Solac MD7401 Expert Ionic Brush \u2013 Cepillo alisador i\u00f3nico, alisado f\u00e1cil y r\u00e1pido, recubrimiento cer\u00e1mico, anti-encrespamiento, temperatura profesional regulable, calentamiento r\u00e1pido<\/span><\/h1>\n<ul class=\"a-unordered-list a-vertical a-spacing-none\">\n<li><span class=\"a-list-item\">Peina y alisa a la vez<\/span><\/li>\n<li><span class=\"a-list-item\">Potente generador de iones, neutraliza la electricidad est\u00e1tica, elimina el encrespamiento y suaviza el pelo<\/span><\/li>\n<li><span class=\"a-list-item\">Cabello doblemente m\u00e1s brillante<\/span><\/li>\n<li><span class=\"a-list-item\">Recubrimiento cer\u00e1mico: facilita el deslizamiento y protege tu pelo<\/span><\/li>\n<li><span class=\"a-list-item\">Control LCD electr\u00f3nico: temperatura regulable de 160 hasta 230\u00baC<\/span><\/li>\n<\/ul>\n","protected":false},"featured_media":259844,"comment_status":"open","ping_status":"closed","template":"","meta":{"_et_pb_use_builder":"","_et_pb_old_content":"","_et_gb_content_width":""},"product_cat":[45],"product_tag":[],"class_list":{"0":"post-259842","1":"product","2":"type-product","3":"status-publish","4":"has-post-thumbnail","6":"product_cat-cuidado-personal","8":"first","9":"outofstock","10":"taxable","11":"shipping-taxable","12":"purchasable","13":"product-type-simple"},"_links":{"self":[{"href":"https:\/\/dabella.es\/index.php?rest_route=\/wp\/v2\/product\/259842","targetHints":{"allow":["GET"]}}],"collection":[{"href":"https:\/\/dabella.es\/index.php?rest_route=\/wp\/v2\/product"}],"about":[{"href":"https:\/\/dabella.es\/index.php?rest_route=\/wp\/v2\/types\/product"}],"replies":[{"embeddable":true,"href":"https:\/\/dabella.es\/index.php?rest_route=%2Fwp%2Fv2%2Fcomments&post=259842"}],"wp:featuredmedia":[{"embeddable":true,"href":"https:\/\/dabella.es\/index.php?rest_route=\/wp\/v2\/media\/259844"}],"wp:attachment":[{"href":"https:\/\/dabella.es\/index.php?rest_route=%2Fwp%2Fv2%2Fmedia&parent=259842"}],"wp:term":[{"taxonomy":"product_cat","embeddable":true,"href":"https:\/\/dabella.es\/index.php?rest_route=%2Fwp%2Fv2%2Fproduct_cat&post=259842"},{"taxonomy":"product_tag","embeddable":true,"href":"https:\/\/dabella.es\/index.php?rest_route=%2Fwp%2Fv2%2Fproduct_tag&post=259842"}],"curies":[{"name":"wp","href":"https:\/\/api.w.org\/{rel}","templated":true}]}}