{"id":259881,"date":"2020-02-18T16:42:19","date_gmt":"2020-02-18T16:42:19","guid":{"rendered":"https:\/\/dabella.es\/?post_type=product&#038;p=259881"},"modified":"2023-12-05T17:58:36","modified_gmt":"2023-12-05T17:58:36","slug":"arrancador-bateria-externa-automovil-y-portatil-denver-jst10010-10-000mah","status":"publish","type":"product","link":"https:\/\/dabella.es\/?product=arrancador-bateria-externa-automovil-y-portatil-denver-jst10010-10-000mah","title":{"rendered":"Arrancador Bater\u00eda externa Autom\u00f3vil y Port\u00e1til Denver JST10010 10.000mAh env\u00edo gratis 24\/48h"},"content":{"rendered":"<p>Bater\u00eda arrancador para el coche de 10000mAh. Tambi\u00e9n cuenta con adaptador para ordenadores port\u00e1tiles.<\/p>\n<div>\n<div>\n<ul>\n<li>Jumpstarter powerbank con celda de bater\u00eda li-ion 10000mAh<\/li>\n<li>Util\u00edcelo para encender su autom\u00f3vil, si la bater\u00eda se queda sin energ\u00eda<\/li>\n<li>Funciona tambi\u00e9n como un powerbank normal para obtener m\u00e1s energ\u00eda para la<\/li>\n<li>entradade su tel\u00e9fono: 15V ~ 1A<\/li>\n<li>Salida: 3x5V ~ 2A (m\u00e1ximo 3.1 A)<\/li>\n<li>12V \/ 16V \/ 19V ~ 3.5A, 12V salida de encendido<\/li>\n<li>12V puerto de salida para el arranque del coche (arranque m\u00ednimo 200A-pico 400A)<\/li>\n<li>Tiempos de encendido continuo: 15-20<\/li>\n<li>Veh\u00edculos admitidos: 12V gasolina bajo 4.0L, 12V diesel bajo 3.0L<\/li>\n<li>Trabajo temperatura: -20 \u00b0 &#8211; + 60 \u00b0 C<\/li>\n<li>Luz LED con 3 modos &#8211; Luz fuerte, luz estrobosc\u00f3pica y luz SOS<\/li>\n<li>Accesorios incluidos:<\/li>\n<li>adaptador de CA, cargador para autom\u00f3vil, cable MicroUSB, clip para autom\u00f3vil, cable adaptador para port\u00e1til, conectores para adaptador de port\u00e1til<\/li>\n<li>Clip de protecci\u00f3n de seguridad:<\/li>\n<li>9 protecciones de seguridad: cortocircuito, alarma de protecci\u00f3n de polaridad inversa, carga inversa, baja tensi\u00f3n, sobretensi\u00f3n, sobrecarga, sobre descarga, calidad de la bater\u00eda del coche de prueba, funci\u00f3n de salida de fuerza, alarma interna de mal funcionamiento de componentes IC.<\/li>\n<li>Fuente de alimentaci\u00f3n: bater\u00eda recargable de iones de litio de 10000mAh incorporada<\/li>\n<li>Tama\u00f1o de la unidad: 170 (w) x 80 (h) x 30 (d) mm<\/li>\n<li>Peso unitario: 410 gramos<\/li>\n<\/ul>\n<div><\/div>\n<\/div>\n<\/div>\n<div>\n<h2>Datos de inter\u00e9s<\/h2>\n<div>\n<ul>\n<li>Marca del Fabricante: Denver<\/li>\n<li>Referencia del fabricante:\u00a0JST10010<\/li>\n<li>C\u00f3digo EAN:\u00a05706751033766<\/li>\n<li>2 A\u00f1os de garant\u00eda<\/li>\n<\/ul>\n<\/div>\n<\/div>\n","protected":false},"excerpt":{"rendered":"<p><strong>Bater\u00eda arrancador para el coche de 10000mAh. Tambi\u00e9n cuenta con adaptador para ordenadores port\u00e1tiles.\u00a0<\/strong><\/p>\n<p>-Garant\u00eda: 2 a\u00f1os del fabricante<\/p>\n<p>-Plazo de devoluci\u00f3n: 15 d\u00edas<\/p>\n","protected":false},"featured_media":259885,"comment_status":"open","ping_status":"closed","template":"","meta":{"_et_pb_use_builder":"","_et_pb_old_content":"","_et_gb_content_width":""},"product_cat":[59],"product_tag":[],"class_list":{"0":"post-259881","1":"product","2":"type-product","3":"status-publish","4":"has-post-thumbnail","6":"product_cat-baterias","7":"product_shipping_class-envio-48-horas","9":"first","10":"instock","11":"sale","12":"taxable","13":"shipping-taxable","14":"purchasable","15":"product-type-simple"},"_links":{"self":[{"href":"https:\/\/dabella.es\/index.php?rest_route=\/wp\/v2\/product\/259881","targetHints":{"allow":["GET"]}}],"collection":[{"href":"https:\/\/dabella.es\/index.php?rest_route=\/wp\/v2\/product"}],"about":[{"href":"https:\/\/dabella.es\/index.php?rest_route=\/wp\/v2\/types\/product"}],"replies":[{"embeddable":true,"href":"https:\/\/dabella.es\/index.php?rest_route=%2Fwp%2Fv2%2Fcomments&post=259881"}],"wp:featuredmedia":[{"embeddable":true,"href":"https:\/\/dabella.es\/index.php?rest_route=\/wp\/v2\/media\/259885"}],"wp:attachment":[{"href":"https:\/\/dabella.es\/index.php?rest_route=%2Fwp%2Fv2%2Fmedia&parent=259881"}],"wp:term":[{"taxonomy":"product_cat","embeddable":true,"href":"https:\/\/dabella.es\/index.php?rest_route=%2Fwp%2Fv2%2Fproduct_cat&post=259881"},{"taxonomy":"product_tag","embeddable":true,"href":"https:\/\/dabella.es\/index.php?rest_route=%2Fwp%2Fv2%2Fproduct_tag&post=259881"}],"curies":[{"name":"wp","href":"https:\/\/api.w.org\/{rel}","templated":true}]}}