{"id":259905,"date":"2020-02-18T17:17:57","date_gmt":"2020-02-18T17:17:57","guid":{"rendered":"https:\/\/dabella.es\/?post_type=product&#038;p=259905"},"modified":"2021-10-11T15:17:13","modified_gmt":"2021-10-11T15:17:13","slug":"television-samsung-55-smart-tv-serie-6-ue55mu6172-recogida-en-tienda","status":"publish","type":"product","link":"https:\/\/dabella.es\/?product=television-samsung-55-smart-tv-serie-6-ue55mu6172-recogida-en-tienda","title":{"rendered":"TELEVISI\u00d3N SAMSUNG 55\u00b4\u00b4 SMART TV SERIE 6 UE55MU6172 (recogida en tienda)"},"content":{"rendered":"<table border=\"0\" cellspacing=\"0\" cellpadding=\"0\">\n<tbody>\n<tr>\n<td class=\"label\">Marca<\/td>\n<td class=\"value\">SAMSUNG<\/td>\n<\/tr>\n<tr>\n<td class=\"label\">Modelo<\/td>\n<td class=\"value\">UE55MU6172UXXH<\/td>\n<\/tr>\n<tr>\n<td class=\"label\">Nombre del modelo<\/td>\n<td class=\"value\">UE55MU6172U<\/td>\n<\/tr>\n<tr>\n<td class=\"label\">A\u00f1o de fabricaci\u00f3n<\/td>\n<td class=\"value\">2017<\/td>\n<\/tr>\n<tr class=\"size-weight\">\n<td class=\"label\">Peso del producto<\/td>\n<td class=\"value\">15,3 Kg<\/td>\n<\/tr>\n<tr class=\"size-weight\">\n<td class=\"label\">Dimensiones del producto<\/td>\n<td class=\"value\">124,3 x 6,3 x 78,7 cm<\/td>\n<\/tr>\n<tr class=\"item-model-number\">\n<td class=\"label\">N\u00famero de modelo del producto<\/td>\n<td class=\"value\">UE55MU6172UXXH<\/td>\n<\/tr>\n<tr>\n<td class=\"label\">N\u00famero de producto<\/td>\n<td class=\"value\">UE55MU6172UXXH<\/td>\n<\/tr>\n<tr>\n<td class=\"label\">N\u00famero de procesadores<\/td>\n<td class=\"value\">4<\/td>\n<\/tr>\n<tr>\n<td class=\"label\">Interfaz del hardware<\/td>\n<td class=\"value\">Ethernet, USB 2.0<\/td>\n<\/tr>\n<tr>\n<td class=\"label\">Resoluci\u00f3n del esc\u00e1ner<\/td>\n<td class=\"value\">4K<\/td>\n<\/tr>\n<tr>\n<td class=\"label\">Otras caracter\u00edsticas<\/td>\n<td class=\"value\">internet<\/td>\n<\/tr>\n<tr>\n<td class=\"label\">Tecnolog\u00eda de pantalla<\/td>\n<td class=\"value\">LED<\/td>\n<\/tr>\n<tr>\n<td class=\"label\">Dimensi\u00f3n de la pantalla<\/td>\n<td class=\"value\">55 pulgadas<\/td>\n<\/tr>\n<tr>\n<td class=\"label\">Tipo de pantalla<\/td>\n<td class=\"value\">LED<\/td>\n<\/tr>\n<tr>\n<td class=\"label\">Decodificador integrado<\/td>\n<td class=\"value\">DTS<\/td>\n<\/tr>\n<tr>\n<td class=\"label\">Relaci\u00f3n de aspecto de imagen<\/td>\n<td class=\"value\">16:9<\/td>\n<\/tr>\n<tr>\n<td class=\"label\">Relaci\u00f3n de aspecto<\/td>\n<td class=\"value\">16:9<\/td>\n<\/tr>\n<tr>\n<td class=\"label\">Resoluci\u00f3n de pantalla<\/td>\n<td class=\"value\">3840 x 2160 pixels<\/td>\n<\/tr>\n<tr>\n<td class=\"label\">M\u00e1xima resoluci\u00f3n de pantalla<\/td>\n<td class=\"value\">4K Ultra HD<\/td>\n<\/tr>\n<tr>\n<td class=\"label\">Resoluci\u00f3n horizontal<\/td>\n<td class=\"value\">3840 p\u00edxeles<\/td>\n<\/tr>\n<tr>\n<td class=\"label\">Resoluci\u00f3n vertical m\u00e1x.<\/td>\n<td class=\"value\">2160 p\u00edxeles<\/td>\n<\/tr>\n<tr>\n<td class=\"label\">Potencia el\u00e9ctrica<\/td>\n<td class=\"value\">111 vatios<\/td>\n<\/tr>\n<tr>\n<td class=\"label\">Pilas \/ bater\u00edas incluidas<\/td>\n<td class=\"value\">No<\/td>\n<\/tr>\n<tr>\n<td class=\"label\">Pilas \/ bater\u00edas necesarias<\/td>\n<td class=\"value\">No<\/td>\n<\/tr>\n<tr>\n<td class=\"label\">Frecuencia de actualizaci\u00f3n<\/td>\n<td class=\"value\">1400 hertz<\/td>\n<\/tr>\n<tr>\n<td class=\"label\">N\u00famero de puertos USB<\/td>\n<td class=\"value\">2<\/td>\n<\/tr>\n<tr>\n<td class=\"label\">Tipo de conector<\/td>\n<td class=\"value\">Wi-Fi<\/td>\n<\/tr>\n<tr>\n<td class=\"label\">Compatible con tecnolog\u00eda Bluetooth<\/td>\n<td class=\"value\">S\u00ed<\/td>\n<\/tr>\n<tr>\n<td class=\"lAttr\"><\/td>\n<td class=\"lAttr\"><\/td>\n<\/tr>\n<\/tbody>\n<\/table>\n","protected":false},"excerpt":{"rendered":"<h1 id=\"title\" class=\"a-size-large a-spacing-none\"><span id=\"productTitle\" class=\"a-size-large\">Samsung UE55MU6172 4K Ultra HD Smart TV Wifi Negro &#8211; Televisor (4K Ultra HD, A, 16:9, 3840 x 2160, Mega Contrast, Negro)<\/span><\/h1>\n<ul class=\"a-unordered-list a-vertical a-spacing-none\">\n<li><span class=\"a-list-item\">Tipo: Smart TV<\/span><\/li>\n<li><span class=\"a-list-item\">Pulgadas Pantalla: 55<\/span><\/li>\n<li><span class=\"a-list-item\">Tecnolog\u00eda: TV LED<\/span><\/li>\n<li><span class=\"a-list-item\">Ancho (cm): 121\u00a0\u2013\u00a0130<\/span><\/li>\n<li><span class=\"a-list-item\">Conectividad: Internet TV<\/span><\/li>\n<li>2 a\u00f1os de garant\u00eda de f\u00e1brica-S\u00f3lo disponibles para comprar y recoger en cualquiera de nuestros establecimientos\n<p>-Puede consultar disponibilidad previamente por whatsapp, correo, tel\u00e9fono\u2026<\/li>\n<\/ul>\n","protected":false},"featured_media":259908,"comment_status":"open","ping_status":"closed","template":"","meta":{"_et_pb_use_builder":"","_et_pb_old_content":"","_et_gb_content_width":""},"product_cat":[109],"product_tag":[],"class_list":{"0":"post-259905","1":"product","2":"type-product","3":"status-publish","4":"has-post-thumbnail","6":"product_cat-deshumidificadores","8":"first","9":"outofstock","10":"taxable","11":"shipping-taxable","12":"purchasable","13":"product-type-simple"},"_links":{"self":[{"href":"https:\/\/dabella.es\/index.php?rest_route=\/wp\/v2\/product\/259905","targetHints":{"allow":["GET"]}}],"collection":[{"href":"https:\/\/dabella.es\/index.php?rest_route=\/wp\/v2\/product"}],"about":[{"href":"https:\/\/dabella.es\/index.php?rest_route=\/wp\/v2\/types\/product"}],"replies":[{"embeddable":true,"href":"https:\/\/dabella.es\/index.php?rest_route=%2Fwp%2Fv2%2Fcomments&post=259905"}],"wp:featuredmedia":[{"embeddable":true,"href":"https:\/\/dabella.es\/index.php?rest_route=\/wp\/v2\/media\/259908"}],"wp:attachment":[{"href":"https:\/\/dabella.es\/index.php?rest_route=%2Fwp%2Fv2%2Fmedia&parent=259905"}],"wp:term":[{"taxonomy":"product_cat","embeddable":true,"href":"https:\/\/dabella.es\/index.php?rest_route=%2Fwp%2Fv2%2Fproduct_cat&post=259905"},{"taxonomy":"product_tag","embeddable":true,"href":"https:\/\/dabella.es\/index.php?rest_route=%2Fwp%2Fv2%2Fproduct_tag&post=259905"}],"curies":[{"name":"wp","href":"https:\/\/api.w.org\/{rel}","templated":true}]}}