{"id":259991,"date":"2020-02-19T11:45:45","date_gmt":"2020-02-19T11:45:45","guid":{"rendered":"https:\/\/dabella.es\/?post_type=product&#038;p=259991"},"modified":"2020-02-19T11:45:45","modified_gmt":"2020-02-19T11:45:45","slug":"gafas-realidad-virtual-prixton-vr-vr100-envio-24-48-horas","status":"publish","type":"product","link":"https:\/\/dabella.es\/?product=gafas-realidad-virtual-prixton-vr-vr100-envio-24-48-horas","title":{"rendered":"GAFAS REALIDAD VIRTUAL PRIXTON VR VR100 env\u00edo 24\/48 horas"},"content":{"rendered":"<p>PRIXTON Gafas de Realidad Virtual VR100.<\/p>\n<p>Estas gafas de realidad virtual son ideales para ver tus videos VR y 360\u00ba. Compatible con smartphones de 4,7&#8243; a 6,0&#8243;.<\/p>\n<p>&#8211; Lentes \u00f3pticas esf\u00e9ricas de resina de 42mm (soportan hasta 500 grados de miop\u00eda)<\/p>\n<p>&#8211; Material zona de contacto: Espuma con memoria (para una comodidad total).<\/p>\n<p>&#8211; Material de sujeci\u00f3n: Nailon el\u00e1stico.<\/p>\n<p>&#8211; Distancia de visualizaci\u00f3n anal\u00f3gica: 3 metros de distancia para ver la pantalla gigante (1000\u201d)<\/p>\n<p>&#8211; M\u00f3viles compatibles: Desde 4,7\u201d hasta 6.0\u201d<\/p>\n<p>&#8211; Medidas: 170x120x105mm<\/p>\n<p>&#8211; Sistemas operativos: IOS y Android.<\/p>\n","protected":false},"excerpt":{"rendered":"<p>PRIXTON Gafas de Realidad Virtual VR100. Estas gafas de realidad virtual son ideales para ver tus videos VR y 360\u00ba. Compatible con smartphones de 4,7&#8243; a 6,0&#8243;. Su espuma el\u00e1stica con memoria maximiza el confort, y sus lentes ajustables permiten adaptarse a la distancia focal de cada usuario. Vienen en una bonita caja de regalo con manual. ABS y espuma.<\/p>\n","protected":false},"featured_media":259992,"comment_status":"open","ping_status":"closed","template":"","meta":{"_et_pb_use_builder":"","_et_pb_old_content":"","_et_gb_content_width":""},"product_cat":[109],"product_tag":[],"class_list":{"0":"post-259991","1":"product","2":"type-product","3":"status-publish","4":"has-post-thumbnail","6":"product_cat-deshumidificadores","8":"first","9":"instock","10":"taxable","11":"shipping-taxable","12":"purchasable","13":"product-type-simple"},"_links":{"self":[{"href":"https:\/\/dabella.es\/index.php?rest_route=\/wp\/v2\/product\/259991","targetHints":{"allow":["GET"]}}],"collection":[{"href":"https:\/\/dabella.es\/index.php?rest_route=\/wp\/v2\/product"}],"about":[{"href":"https:\/\/dabella.es\/index.php?rest_route=\/wp\/v2\/types\/product"}],"replies":[{"embeddable":true,"href":"https:\/\/dabella.es\/index.php?rest_route=%2Fwp%2Fv2%2Fcomments&post=259991"}],"wp:featuredmedia":[{"embeddable":true,"href":"https:\/\/dabella.es\/index.php?rest_route=\/wp\/v2\/media\/259992"}],"wp:attachment":[{"href":"https:\/\/dabella.es\/index.php?rest_route=%2Fwp%2Fv2%2Fmedia&parent=259991"}],"wp:term":[{"taxonomy":"product_cat","embeddable":true,"href":"https:\/\/dabella.es\/index.php?rest_route=%2Fwp%2Fv2%2Fproduct_cat&post=259991"},{"taxonomy":"product_tag","embeddable":true,"href":"https:\/\/dabella.es\/index.php?rest_route=%2Fwp%2Fv2%2Fproduct_tag&post=259991"}],"curies":[{"name":"wp","href":"https:\/\/api.w.org\/{rel}","templated":true}]}}