{"id":271923,"date":"2022-11-17T16:14:30","date_gmt":"2022-11-17T16:14:30","guid":{"rendered":"https:\/\/dabella.es\/?post_type=product&#038;p=271923"},"modified":"2023-12-05T18:22:26","modified_gmt":"2023-12-05T18:22:26","slug":"271923","status":"publish","type":"product","link":"https:\/\/dabella.es\/?product=271923","title":{"rendered":"LAVADORA BEKO 9KG 1400 RPM"},"content":{"rendered":"<p><strong>LAVADORA 9KG 1200RPM BEKO<\/strong><\/p>\n<p>LAVADO A VAPOR, LAVADO ULTRA R\u00c1PIDO, BAJO CONSUMO, MOTOR INVERTER<\/p>\n","protected":false},"excerpt":{"rendered":"<h3 class=\"BaseTypo-sc-1jga2g7-0 izkVco StyledInfoTypo-sc-1jga2g7-1 bRYVox\">15 programas + 6 funciones auxiliares<\/h3>\n<p>Mayor n\u00famero de\u00a0<b>programas y funciones complementarias<\/b>\u00a0que se adaptan a tus necesidades de lavado para una m\u00e1xima eficiencia en los resultados y en la gesti\u00f3n de tu tiempo. Este modelo de la lavadora de Beko ofrece programas r\u00e1pidos de 14 y 28 minutos y programable hasta 19 horas m\u00e1s tarde. Adem\u00e1s, programas para Algod\u00f3n, Eco 40-60, Sint\u00e9ticos, Mix, Delicados, Lana y Lavado a mano, Aclarado, Centrifugado y vaciado, Ropa oscura, jeans, Sport, Manchas PRO, Hygiene+ vapor, Edredones, Plum\u00edferos, Camisas, Steam+<\/p>\n<h3 class=\"BaseTypo-sc-1jga2g7-0 izkVco StyledInfoTypo-sc-1jga2g7-1 bRYVox\">Prestaciones Tecnol\u00f3gicas<\/h3>\n<ul>\n<li><b>SteamCure Hygiene+\u2122<\/b>: Elimina el 99% de los al\u00e9rgenos gracias al poder del vapor.<\/li>\n<li><b>Fast+<\/b>: Disminuye el tiempo del programa del lavado para que se adapten a tu ritmo de vida. Pudiendo lavar hasta un 55% m\u00e1s r\u00e1pido.<\/li>\n<li><b>AddXtra<\/b>: Esta lavadora te permitir\u00e1 a\u00f1adir prendas una vez ha iniciado el lavado. Abre la puerta e introduce las prendas que quieras y la lavadora continuar\u00e1 el ciclo donde lo hab\u00edas dejado.<\/li>\n<li><b>DrumClean<\/b>: Elimina los malos olores y residuos de jab\u00f3n incrustados en el tambor con esta funci\u00f3n adicional.<\/li>\n<\/ul>\n<p><b>Inicio diferido<\/b>: Programa el inicio hasta 19 horas m\u00e1s tarde para ahorrar al usar las tarifas el\u00e9ctricas m\u00e1s econ\u00f3micas.<\/p>\n<p><b>Indicador de tiempo restante<\/b>: Su display digital te mostrar\u00e1 el tiempo que queda para que termine el ciclo de lavado.<\/p>\n<p><b>Bloqueo de seguridad para ni\u00f1os<\/b>: Con este bloqueo se impide que los peques toquen sin querer los botones y funciona hasta que lo desactives.<\/p>\n","protected":false},"featured_media":271922,"comment_status":"open","ping_status":"closed","template":"","meta":{"_et_pb_use_builder":"","_et_pb_old_content":"","_et_gb_content_width":""},"product_cat":[34,47],"product_tag":[120,119,60],"class_list":{"0":"post-271923","1":"product","2":"type-product","3":"status-publish","4":"has-post-thumbnail","6":"product_cat-gran-electrodomestico","7":"product_cat-lavadoras","8":"product_tag-9kg","9":"product_tag-beko","10":"product_tag-lavadora","11":"product_shipping_class-blanca-galicia","13":"first","14":"instock","15":"sale","16":"taxable","17":"shipping-taxable","18":"purchasable","19":"product-type-simple"},"_links":{"self":[{"href":"https:\/\/dabella.es\/index.php?rest_route=\/wp\/v2\/product\/271923","targetHints":{"allow":["GET"]}}],"collection":[{"href":"https:\/\/dabella.es\/index.php?rest_route=\/wp\/v2\/product"}],"about":[{"href":"https:\/\/dabella.es\/index.php?rest_route=\/wp\/v2\/types\/product"}],"replies":[{"embeddable":true,"href":"https:\/\/dabella.es\/index.php?rest_route=%2Fwp%2Fv2%2Fcomments&post=271923"}],"wp:featuredmedia":[{"embeddable":true,"href":"https:\/\/dabella.es\/index.php?rest_route=\/wp\/v2\/media\/271922"}],"wp:attachment":[{"href":"https:\/\/dabella.es\/index.php?rest_route=%2Fwp%2Fv2%2Fmedia&parent=271923"}],"wp:term":[{"taxonomy":"product_cat","embeddable":true,"href":"https:\/\/dabella.es\/index.php?rest_route=%2Fwp%2Fv2%2Fproduct_cat&post=271923"},{"taxonomy":"product_tag","embeddable":true,"href":"https:\/\/dabella.es\/index.php?rest_route=%2Fwp%2Fv2%2Fproduct_tag&post=271923"}],"curies":[{"name":"wp","href":"https:\/\/api.w.org\/{rel}","templated":true}]}}