{"id":272176,"date":"2024-08-09T14:50:14","date_gmt":"2024-08-09T14:50:14","guid":{"rendered":"https:\/\/dabella.es\/?post_type=product&#038;p=272176"},"modified":"2024-08-09T14:50:15","modified_gmt":"2024-08-09T14:50:15","slug":"arcon-200l-a-235e","status":"publish","type":"product","link":"https:\/\/dabella.es\/?product=arcon-200l-a-235e","title":{"rendered":"ARC\u00d3N 200L A++ 235\u20ac"},"content":{"rendered":"<p>Altura 85 cm<br \/>\nAnchura 82 cm<br \/>\nProfundidad 55 cm<\/p>\n<p>Capacidad neta total 198 l<br \/>\nCapacidad de congelaci\u00f3n 9 kg\/24 h<br \/>\nSistema de fr\u00edo (congelador) Est\u00e1tico<br \/>\nSistema de drenaje S\u00ed<br \/>\nAutonom\u00eda corte de energ\u00eda 70 h<br \/>\nPotencia 115 W<\/p>\n","protected":false},"excerpt":{"rendered":"<p><span style=\"color: #ff0000;\"><strong>CARACTER\u00cdSTICAS ESPEC\u00cdFICAS<\/strong><\/span><br \/>\nCapacidad neta total 198 l<br \/>\nCapacidad de congelaci\u00f3n 9 kg\/24 h<br \/>\nSistema de fr\u00edo (congelador) Est\u00e1tico<br \/>\nSistema de drenaje S\u00ed<br \/>\nAutonom\u00eda corte de energ\u00eda 70 h<br \/>\nPotencia 115 W<br \/>\nCARACTER\u00cdSTICAS F\u00cdSICAS<br \/>\nColor Blanco<br \/>\nPeso 26,5 kg<br \/>\nAltura 85 cm<br \/>\nAnchura 82 cm<br \/>\nProfundidad 55 cm<br \/>\nCONGELADOR HORIZONTAL BECKEN 198 L BCF8336<br \/>\nEFICIENCIA ENERG\u00c9TICA<br \/>\nNueva eficiencia<br \/>\nenerg\u00e9tica E<br \/>\nNivel de ruido 41 dB<br \/>\nConsumo de energ\u00eda 201 kWh\/a\u00f1o<br \/>\nEXTRAS<br \/>\nN\u00famero de cestos 1<br \/>\nBot\u00f3n de congelaci\u00f3n r\u00e1pida S\u00ed<br \/>\nRegulador de temperatura S\u00ed<br \/>\nPantalla LED<\/p>\n","protected":false},"featured_media":272177,"comment_status":"open","ping_status":"closed","template":"","meta":{"_et_pb_use_builder":"","_et_pb_old_content":"","_et_gb_content_width":""},"product_cat":[104,34],"product_tag":[],"class_list":{"0":"post-272176","1":"product","2":"type-product","3":"status-publish","4":"has-post-thumbnail","6":"product_cat-arcones-congeladores","7":"product_cat-gran-electrodomestico","9":"first","10":"instock","11":"sale","12":"taxable","13":"shipping-taxable","14":"purchasable","15":"product-type-simple"},"_links":{"self":[{"href":"https:\/\/dabella.es\/index.php?rest_route=\/wp\/v2\/product\/272176","targetHints":{"allow":["GET"]}}],"collection":[{"href":"https:\/\/dabella.es\/index.php?rest_route=\/wp\/v2\/product"}],"about":[{"href":"https:\/\/dabella.es\/index.php?rest_route=\/wp\/v2\/types\/product"}],"replies":[{"embeddable":true,"href":"https:\/\/dabella.es\/index.php?rest_route=%2Fwp%2Fv2%2Fcomments&post=272176"}],"wp:featuredmedia":[{"embeddable":true,"href":"https:\/\/dabella.es\/index.php?rest_route=\/wp\/v2\/media\/272177"}],"wp:attachment":[{"href":"https:\/\/dabella.es\/index.php?rest_route=%2Fwp%2Fv2%2Fmedia&parent=272176"}],"wp:term":[{"taxonomy":"product_cat","embeddable":true,"href":"https:\/\/dabella.es\/index.php?rest_route=%2Fwp%2Fv2%2Fproduct_cat&post=272176"},{"taxonomy":"product_tag","embeddable":true,"href":"https:\/\/dabella.es\/index.php?rest_route=%2Fwp%2Fv2%2Fproduct_tag&post=272176"}],"curies":[{"name":"wp","href":"https:\/\/api.w.org\/{rel}","templated":true}]}}

ARCÓN 200L A++ 235€

<p>Altura 85 cm<br />
Anchura 82 cm<br />
Profundidad 55 cm</p>
<p>Capacidad neta total 198 l<br />
Capacidad de congelación 9 kg/24 h<br />
Sistema de frío (congelador) Estático<br />
Sistema de drenaje Sí<br />
Autonomía corte de energía 70 h<br />
Potencia 115 W</p>

<p><span style="color: #ff0000;"><strong>CARACTERÍSTICAS ESPECÍFICAS</strong></span><br />
Capacidad neta total 198 l<br />
Capacidad de congelación 9 kg/24 h<br />
Sistema de frío (congelador) Estático<br />
Sistema de drenaje Sí<br />
Autonomía corte de energía 70 h<br />
Potencia 115 W<br />
CARACTERÍSTICAS FÍSICAS<br />
Color Blanco<br />
Peso 26,5 kg<br />
Altura 85 cm<br />
Anchura 82 cm<br />
Profundidad 55 cm<br />
CONGELADOR HORIZONTAL BECKEN 198 L BCF8336<br />
EFICIENCIA ENERGÉTICA<br />
Nueva eficiencia<br />
energética E<br />
Nivel de ruido 41 dB<br />
Consumo de energía 201 kWh/año<br />
EXTRAS<br />
Número de cestos 1<br />
Botón de congelación rápida Sí<br />
Regulador de temperatura Sí<br />
Pantalla LED</p>
